11*y + 8. Suppose -79 = -5*z - 24. What is the remainder when s is divided by h(z)?
7
Let c(r) = 2*r**2 - 3*r. Let o be c(2). Suppose -2*g + 4 = o*g, 15 = 4*q - g. What is the remainder when q is divided by 2*-1*(-3)/2?
1
Suppose 0 = y + 3*v - 17, 2*v = 5*y + 6*v - 30. Suppose 0*n - 2 = -y*n. Calculate the remainder when 1 is divided by (-2)/n*6/(-12).
0
Suppose 2*t = 13*t - 154. Calculate the remainder when 69 is divided by t.
13
Let m be (-8)/(-2)*9/6. Let a = 16 - m. What is the remainder when a is divided by 3?
1
Let o = 36 + -27. What is the remainder when o is divided by 2?
1
Let d(b) = 3*b - 7. Suppose 8 = 2*m - 0*m. Let z = m - 0. Calculate the remainder when d(7) is divided by z.
2
Let z(u) = -u**3 - u**2 + u - 1. Calculate the remainder when 82 is divided by z(-4).
39
Suppose 0 = 4*b + 4 - 12. Suppose 3*d + v - 36 = 0, b*d - v = 7*d - 60. What is the remainder when 33 is divided by d?
9
Let z = 22 + -4. Calculate the remainder when 89 is divided by z.
17
Let r = -16 + 23. Let g(t) = 2*t - 3. Let d be g(-5). Let b = 5 - d. Calculate the remainder when b is divided by r.
4
Suppose -5*g + 111 = -29. Calculate the remainder when 51 is divided by g.
23
Suppose 0 = -h + 21 - 13. Suppose 4*t + 0*z - 115 = 5*z, -5*t + 153 = 3*z. Calculate the remainder when t is divided by h.
6
Let m = -4 - -8. Let j(p) = p**3 - 7*p**2 + p - 4. Calculate the remainder when m is divided by j(7).
1
Let b be 1*((-8)/2 + 3). Let s(w) = -w**2 + 6*w + 3. Let u be s(6). Calculate the remainder when u/(b*(-3)/9) is divided by 5.
4
Suppose -10*j = -9*j - 7. What is the remainder when 18 is divided by j?
4
Suppose -2*j + 12 = -5*j, -o - 4*j = -21. Calculate the remainder when o is divided by (57/(-6))/(2/(-4)).
18
Let h(i) = -6*i. Suppose -3*y + 16 = y. Let m be h(y). What is the remainder when 3/(3 - (-63)/m) is divided by 5?
3
Calculate the remainder when -1 + (-1)/(-2 - -1) + 9 is divided by 9.
0
Suppose 2*l - 6*l = 24. What is the remainder when 55 is divided by 9/l*(-38)/3?
17
Let q = 1 + 4. Suppose q*k = 4*u - 117, 59 = 3*u - 4*k - 28. What is the remainder when u is divided by 7?
5
Let n(g) = -5*g**3 - 2*g**2. Let t be n(-2). Let d = t - 11. Calculate the remainder when d is divided by 11.
10
Let w = 48 - 46. Calculate the remainder when 2 is divided by w.
0
Let d(x) = 43*x**2 + x - 1. Let j = -9 + 8. What is the remainder when d(j) is divided by 14?
13
Suppose 11 = b + 3*p - 5, 20 = -5*p. What is the remainder when 110 is divided by b?
26
Let s = 27 - 29. Suppose 5*u - 4 = 1. What is the remainder when 32 is divided by u*(s - (-38)/2)?
15
Let m be ((-5)/10)/(2/(-288)). Suppose -2*w = -5*a + 89, -4*a + 8*a - m = 2*w. Calculate the remainder when 32 is divided by a.
15
Suppose -5 = 3*r - 11. Suppose 0 = -s - s - 3*h + 31, 2*s - 30 = -r*h. Calculate the remainder when s is divided by 8.
6
Let a be (-6)/9*6 - 0. What is the remainder when 5 is divided by 3*2 - (a + 6)?
1
Let g = -51 + 57. Let d be (0/1)/((-2)/2). What is the remainder when 20 - 2 - (1 + d) is divided by g?
5
Let t = 15 + -14. Let s = 10 - 9. Calculate the remainder when t is divided by s.
0
Suppose -w = 4*a + 2, -5*a - 2 = -3*a. Suppose 0 = 4*j - 2*z - 12, 4*j + z = -3*z. Suppose j*f + 3*f = 20. Calculate the remainder when f is divided by w.
0
Suppose 5*d - 8 = 2. Suppose -4*m + d + 18 = 0. Suppose -m = -p - 0. What is the remainder when p is divided by 2?
1
Suppose -68 = -6*c + 2*c. What is the remainder when c is divided by 5?
2
Let c = 7 + -4. Suppose c*n = 2*w + 90 + 3, -2*w + 2*n - 98 = 0. Let s = -17 - w. What is the remainder when s is divided by 10?
7
Suppose 220 = 9*n + n. Calculate the remainder when 42 is divided by n.
20
Let j(b) = -7*b**2 + 18*b - 3. Let q(r) = 4*r**2 - 9*r + 1. Let d(z) = 3*j(z) + 5*q(z). What is the remainder when (-1 + 24)*(4 - 2) is divided by d(5)?
14
Suppose 4*p - 225 = -77. Calculate the remainder when p is divided by 20.
17
Let a be 10 + (-2 - -11)/3. Suppose 2*o - 25 = a. Suppose -4*w + 27 = -1. Calculate the remainder when o is divided by w.
5
Suppose -6*i = -4*i - 60. What is the remainder when i is divided by 8?
6
Let j be (3 + -1)*(-279)/(-6). Let r = 163 - j. Suppose -4*u = 20, 0 = -4*v + v + 2*u + r. Calculate the remainder when v is divided by 11.
9
Let w(f) = 2 + 10*f + 4*f - 7*f. Let y be w(8). Suppose -5*x + v + y = -x, -3*v = -x + 20. Calculate the remainder when 41 is divided by x.
13
Suppose -5*b = -b - 180. What is the remainder when b is divided by 23?
22
Let s(y) = -y**3 + 1. Let h be s(-5). Suppose -3*o + 62 + h = 4*w, -2*w = 5*o - 304. What is the remainder when o is divided by 21?
18
Let k(u) = -u**3 - 15*u**2 + 31*u + 2. Calculate the remainder when k(-17) is divided by 14.
11
Let d(h) = 5*h**2 - h + 2. Let f = 1 + 12. Calculate the remainder when d(-2) is divided by f.
11
Let x(n) be the first derivative of -15*n**4/4 + n**3/3 + 1. Let d be x(-1). Let z = d + -8. Calculate the remainder when 15 is divided by z.
7
Suppose 3*p - 40 = -2*p. Let n = p - -11. Calculate the remainder when 55 is divided by (-1 + 2)*1*n.
17
Suppose 0 = n + 4*g + 16, 5*n = 9*g - 4*g + 20. Suppose -5*w + n = o - 16, -5*w = -5. Suppose 2*a = -a + 93. What is the remainder when a is divided by o?
9
Suppose -4*q = -3*q + 19. Let t be 2*-1 - -5*11. Let m = q + t. What is the remainder when m is divided by 18?
16
Suppose -2*l + 328 = 4*u, -2*l = 2*u + 3*u - 409. Suppose 0 = 3*v + 18 - u. Calculate the remainder when 83 is divided by v.
20
Let y(d) = 7*d**3 - 3*d**2 - d + 2. Let p be y(2). Suppose -s + 3*q + p = s, -s = -q - 21. Calculate the remainder when 74 is divided by s.
17
Let m(n) = -4*n**2 + 0*n + 0*n. Let c be m(1). Calculate the remainder when -14*c/(-6)*-3 is divided by 10.
8
Let l(k) = -k**2 - 12*k. Let t be l(-10). Suppose 16 = -4*j, -5*j + 2 = 2*b + t. Calculate the remainder when 1 is divided by b.
0
Let b(w) = -w**2 + 20*w + 21. Let h(o) = -o**2 - 6*o + 6. What is the remainder when b(20) is divided by h(-5)?
10
Let k(d) = -d**2 - d + 7. Let i be k(-3). Suppose -5*x = -w - i - 9, 5*w = -4*x + 95. What is the remainder when (-59 + 1)/(-1*1) is divided by w?
13
Let b = -13 - -3. Let f = 9 + 14. Let o = f + b. What is the remainder when 37 is divided by o?
11
Let l(v) = 9*v**2 - 2*v - 1. Let n be l(2). Suppose j + 39 = 5*b - j, 2*j - n = -5*b. Calculate the remainder when 19 is divided by b.
5
Suppose 1 + 4 = m - 4*t, -3*t - 35 = -2*m. Let a be 2 - 5 - -30 - 3. Suppose a = 4*s - 28. What is the remainder when m is divided by s?
12
Let n(i) = i**2 + i. Let p(r) = -r**2 - 6*r - 4. Let y(w) = 4*n(w) + p(w). Let h be y(3). Suppose 5*x - 43 = h. What is the remainder when 23 is divided by x?
11
Calculate the remainder when 65 is divided by (-54)/(-2) - (-3 - -8).
21
Let v be 10 + (0 - 1)*1. Suppose -5*d + 16 = -v. Suppose 11 = d*k + 1. What is the remainder when k is divided by 2?
0
Suppose 0 = -b + 2*b + 39. Let p = -12 - b. What is the remainder when p is divided by (12 - 2) + 0 - 0?
7
Let h(m) be the first derivative of -m**2/2 - 3*m - 1. Let q be h(8). Let a = q + 32. Calculate the remainder when 41 is divided by a.
20
Suppose 2*p - 1 = 3. Let i be 4/(-6)*(-33)/p. Suppose -5 = 2*z - i. Calculate the remainder when 5 is divided by z.
2
Let r(d) = 2*d**2 + d + 0*d**2 - 1 - 3*d**2 + 2 + 3*d**3. Calculate the remainder when 68 is divided by r(2).
22
Let y be -2 - ((-9)/3 + 1). What is the remainder when 44 - (y + 1 + 1) is divided by 3 - (-18 - (3 + -2))?
20
Suppose 6*i = 4*i + 8. Let z(r) = 3*r - 2. Calculate the remainder when 27 is divided by z(i).
7
Let w(d) = -15 + 4*d + 8 + 0*d. Calculate the remainder when w(7) is divided by 12.
9
Let z(q) = -q + 44. What is the remainder when z(-18) is divided by 32?
30
Let p(l) = -5*l - 4. What is the remainder when 124 is divided by p(-5)?
19
Suppose -12*y = -17*y + 70. What is the remainder when 27 is divided by y?
13
Let l = 9 - 18. Let a be -3*((-12)/l)/4. What is the remainder when 22 is divided by a*(1 - 3 - 10)?
10
Suppose -5*l - y + 24 = 0, -l = l - 2*y. Calculate the remainder when 7 is divided by l.
3
Suppose 5*q + 2*s - 73 = 0, q + 5*s - 3*s - 13 = 0. Calculate the remainder when 58 is divided by q.
13
Let y be 460/6*(-48)/(-10). What is the remainder when 67 is divided by (1/2)/(8/y)?
21
Let d(j) = -5*